{"id":81753,"date":"2010-03-20T17:52:51","date_gmt":"2010-03-20T16:52:51","guid":{"rendered":"https:\/\/vorschau.kunstverein-bad-salzdetfurth.de\/inhalt\/?post_type=product&#038;p=81753"},"modified":"2019-08-28T18:18:35","modified_gmt":"2019-08-28T17:18:35","slug":"die-lamme-biographie-eines-flusses","status":"publish","type":"product","link":"https:\/\/www.kunstverein-bad-salzdetfurth.de\/inhalt\/katalog\/die-lamme-biographie-eines-flusses\/","title":{"rendered":"\u00bbDIE LAMME \/ Biographie eines Flusses\u00ab"},"content":{"rendered":"","protected":false},"excerpt":{"rendered":"<p>Hrsg. Hans-Oiseau Kalkmann<\/p>\n<p>Mit Texten von: S. Bellin, S. B\u00f6lke, E. B\u00fcrig, T. Dahms, L. Feldmann, C. G\u00fcnther, N. Hilbig, H. Hofmeister, H.-O. Kalkmann, A. Kronenberg, J. Monnier-Raball, W. Pletz, E. Schaper, G. v. Struensee, J. Twardzik<\/p>\n<p>Hardcover, 28,5 x 21,4 cm<\/p>\n<p>208 Seiten, alle Abbildungen in Farbe<\/p>\n<p>Verlag Gebr\u00fcder Gerstenberg, Hildesheim 2010<\/p>\n<p>ISBN 978-3-8067-8746-7<\/p>\n","protected":false},"featured_media":81748,"template":"","meta":[],"product_cat":[199],"product_tag":[],"class_list":{"0":"post-81753","1":"product","2":"type-product","3":"status-publish","4":"has-post-thumbnail","6":"product_cat-publikation","8":"first","9":"instock","10":"shipping-taxable","11":"purchasable","12":"product-type-simple"},"_links":{"self":[{"href":"https:\/\/www.kunstverein-bad-salzdetfurth.de\/inhalt\/wp-json\/wp\/v2\/product\/81753"}],"collection":[{"href":"https:\/\/www.kunstverein-bad-salzdetfurth.de\/inhalt\/wp-json\/wp\/v2\/product"}],"about":[{"href":"https:\/\/www.kunstverein-bad-salzdetfurth.de\/inhalt\/wp-json\/wp\/v2\/types\/product"}],"wp:featuredmedia":[{"embeddable":true,"href":"https:\/\/www.kunstverein-bad-salzdetfurth.de\/inhalt\/wp-json\/wp\/v2\/media\/81748"}],"wp:attachment":[{"href":"https:\/\/www.kunstverein-bad-salzdetfurth.de\/inhalt\/wp-json\/wp\/v2\/media?parent=81753"}],"wp:term":[{"taxonomy":"product_cat","embeddable":true,"href":"https:\/\/www.kunstverein-bad-salzdetfurth.de\/inhalt\/wp-json\/wp\/v2\/product_cat?post=81753"},{"taxonomy":"product_tag","embeddable":true,"href":"https:\/\/www.kunstverein-bad-salzdetfurth.de\/inhalt\/wp-json\/wp\/v2\/product_tag?post=81753"}],"curies":[{"name":"wp","href":"https:\/\/api.w.org\/{rel}","templated":true}]}}

<p>Hrsg. Hans-Oiseau Kalkmann</p>
<p>Mit Texten von: S. Bellin, S. Bölke, E. Bürig, T. Dahms, L. Feldmann, C. Günther, N. Hilbig, H. Hofmeister, H.-O. Kalkmann, A. Kronenberg, J. Monnier-Raball, W. Pletz, E. Schaper, G. v. Struensee, J. Twardzik</p>
<p>Hardcover, 28,5 x 21,4 cm</p>
<p>208 Seiten, alle Abbildungen in Farbe</p>
<p>Verlag Gebrüder Gerstenberg, Hildesheim 2010</p>
<p>ISBN 978-3-8067-8746-7</p>
